{"id":251,"date":"2020-05-25T09:20:52","date_gmt":"2020-05-25T12:20:52","guid":{"rendered":"http:\/\/wlivre.com.br\/loja\/?post_type=product&#038;p=251"},"modified":"2023-03-20T15:31:08","modified_gmt":"2023-03-20T18:31:08","slug":"fone-de-ouvido-jbl-headset-bluetooth-everest-jb950","status":"publish","type":"product","link":"https:\/\/wlivre.com.br\/loja\/produto\/fone-de-ouvido-jbl-headset-bluetooth-everest-jb950\/","title":{"rendered":"Fone De Ouvido JBL Headset Bluetooth Everest JB950"},"content":{"rendered":"<p>Marca: JBL<\/p>\n<p>Modelo: EVEREST JB950<\/p>\n<p>Conectividade: Bluetooth<\/p>\n<p>Entrada para Cart\u00e3o Micro SD<\/p>\n<p>Possui fun\u00e7\u00e3o Atender chamadas Chamadas e microfone embutido.<\/p>\n<p>R\u00e1dio FM<\/p>\n","protected":false},"excerpt":{"rendered":"<p>Marca: JBL Modelo: EVEREST JB950 Conectividade: Bluetooth Entrada para Cart\u00e3o Micro SD Possui fun\u00e7\u00e3o Atender chamadas Chamadas e microfone embutido. R\u00e1dio FM<\/p>\n","protected":false},"featured_media":252,"comment_status":"closed","ping_status":"closed","template":"","meta":[],"product_cat":[45,32],"product_tag":[],"_links":{"self":[{"href":"https:\/\/wlivre.com.br\/loja\/wp-json\/wp\/v2\/product\/251"}],"collection":[{"href":"https:\/\/wlivre.com.br\/loja\/wp-json\/wp\/v2\/product"}],"about":[{"href":"https:\/\/wlivre.com.br\/loja\/wp-json\/wp\/v2\/types\/product"}],"replies":[{"embeddable":true,"href":"https:\/\/wlivre.com.br\/loja\/wp-json\/wp\/v2\/comments?post=251"}],"wp:featuredmedia":[{"embeddable":true,"href":"https:\/\/wlivre.com.br\/loja\/wp-json\/wp\/v2\/media\/252"}],"wp:attachment":[{"href":"https:\/\/wlivre.com.br\/loja\/wp-json\/wp\/v2\/media?parent=251"}],"wp:term":[{"taxonomy":"product_cat","embeddable":true,"href":"https:\/\/wlivre.com.br\/loja\/wp-json\/wp\/v2\/product_cat?post=251"},{"taxonomy":"product_tag","embeddable":true,"href":"https:\/\/wlivre.com.br\/loja\/wp-json\/wp\/v2\/product_tag?post=251"}],"curies":[{"name":"wp","href":"https:\/\/api.w.org\/{rel}","templated":true}]}}