{"id":309,"date":"2020-05-28T10:09:22","date_gmt":"2020-05-28T13:09:22","guid":{"rendered":"http:\/\/wlivre.com.br\/loja\/?post_type=product&#038;p=309"},"modified":"2023-03-20T15:30:15","modified_gmt":"2023-03-20T18:30:15","slug":"fone-de-ouvido-detalhe-metalizado-para-iphone-cores-sortidas","status":"publish","type":"product","link":"https:\/\/wlivre.com.br\/loja\/produto\/fone-de-ouvido-detalhe-metalizado-para-iphone-cores-sortidas\/","title":{"rendered":"Fone de Ouvido Detalhe Metalizado para iPhone &#8211; Cores Sortidas"},"content":{"rendered":"<p>Tipo: Fone de Ouvido<br \/>\nCompatibilidade: Aparelhos com entrada de \u00e1udio 3.5m (P2).<br \/>\nMaterial utilizado na Fabrica\u00e7\u00e3o: Pl\u00e1stico, fios de cobre e Circuito el\u00e9trico.<br \/>\nDisponivel em Cores Sortidas.<\/p>\n","protected":false},"excerpt":{"rendered":"<p>Tipo: Fone de Ouvido Compatibilidade: Aparelhos com entrada de \u00e1udio 3.5m (P2). Material utilizado na Fabrica\u00e7\u00e3o: Pl\u00e1stico, fios de cobre e Circuito el\u00e9trico. Disponivel em Cores Sortidas.<\/p>\n","protected":false},"featured_media":330,"comment_status":"closed","ping_status":"closed","template":"","meta":[],"product_cat":[45],"product_tag":[],"_links":{"self":[{"href":"https:\/\/wlivre.com.br\/loja\/wp-json\/wp\/v2\/product\/309"}],"collection":[{"href":"https:\/\/wlivre.com.br\/loja\/wp-json\/wp\/v2\/product"}],"about":[{"href":"https:\/\/wlivre.com.br\/loja\/wp-json\/wp\/v2\/types\/product"}],"replies":[{"embeddable":true,"href":"https:\/\/wlivre.com.br\/loja\/wp-json\/wp\/v2\/comments?post=309"}],"wp:featuredmedia":[{"embeddable":true,"href":"https:\/\/wlivre.com.br\/loja\/wp-json\/wp\/v2\/media\/330"}],"wp:attachment":[{"href":"https:\/\/wlivre.com.br\/loja\/wp-json\/wp\/v2\/media?parent=309"}],"wp:term":[{"taxonomy":"product_cat","embeddable":true,"href":"https:\/\/wlivre.com.br\/loja\/wp-json\/wp\/v2\/product_cat?post=309"},{"taxonomy":"product_tag","embeddable":true,"href":"https:\/\/wlivre.com.br\/loja\/wp-json\/wp\/v2\/product_tag?post=309"}],"curies":[{"name":"wp","href":"https:\/\/api.w.org\/{rel}","templated":true}]}}