{"id":362,"date":"2020-05-28T12:01:21","date_gmt":"2020-05-28T15:01:21","guid":{"rendered":"http:\/\/wlivre.com.br\/loja\/?post_type=product&#038;p=362"},"modified":"2023-03-20T14:48:25","modified_gmt":"2023-03-20T17:48:25","slug":"3x1-pendrive-adaptador-sd-cartao-de-memoria-8gb","status":"publish","type":"product","link":"https:\/\/wlivre.com.br\/loja\/produto\/3x1-pendrive-adaptador-sd-cartao-de-memoria-8gb\/","title":{"rendered":"3X1: PENDRIVE + ADAPTADOR SD + CARTAO DE MEMORIA  8GB"},"content":{"rendered":"","protected":false},"excerpt":{"rendered":"<p>KIT 3 EM 1 PENDRIVE + ADAPTADOR SD + CART\u00c3O DE MEM\u00d3RIA CLASSE 4 COM TRAVA DE SEGURAN\u00c7A 8GB PRETO MULTILASER &#8211; MC058<\/p>\n","protected":false},"featured_media":363,"comment_status":"closed","ping_status":"closed","template":"","meta":[],"product_cat":[37],"product_tag":[],"_links":{"self":[{"href":"https:\/\/wlivre.com.br\/loja\/wp-json\/wp\/v2\/product\/362"}],"collection":[{"href":"https:\/\/wlivre.com.br\/loja\/wp-json\/wp\/v2\/product"}],"about":[{"href":"https:\/\/wlivre.com.br\/loja\/wp-json\/wp\/v2\/types\/product"}],"replies":[{"embeddable":true,"href":"https:\/\/wlivre.com.br\/loja\/wp-json\/wp\/v2\/comments?post=362"}],"wp:featuredmedia":[{"embeddable":true,"href":"https:\/\/wlivre.com.br\/loja\/wp-json\/wp\/v2\/media\/363"}],"wp:attachment":[{"href":"https:\/\/wlivre.com.br\/loja\/wp-json\/wp\/v2\/media?parent=362"}],"wp:term":[{"taxonomy":"product_cat","embeddable":true,"href":"https:\/\/wlivre.com.br\/loja\/wp-json\/wp\/v2\/product_cat?post=362"},{"taxonomy":"product_tag","embeddable":true,"href":"https:\/\/wlivre.com.br\/loja\/wp-json\/wp\/v2\/product_tag?post=362"}],"curies":[{"name":"wp","href":"https:\/\/api.w.org\/{rel}","templated":true}]}}