{"id":399,"date":"2020-05-28T14:16:56","date_gmt":"2020-05-28T17:16:56","guid":{"rendered":"http:\/\/wlivre.com.br\/loja\/?post_type=product&#038;p=399"},"modified":"2023-03-20T15:27:24","modified_gmt":"2023-03-20T18:27:24","slug":"bateria-externa-5000mah-cabo-v8-e-iphone-pinengkaidi-pn-952","status":"publish","type":"product","link":"https:\/\/wlivre.com.br\/loja\/produto\/bateria-externa-5000mah-cabo-v8-e-iphone-pinengkaidi-pn-952\/","title":{"rendered":"Bateria Externa 5000mAh Cabo V8 e iPhone &#8211; PinengKaidi PN-952"},"content":{"rendered":"<p>Tipo: Bateria Externa.<br \/>\nEntrada: DC 5V 2A.<br \/>\nSa\u00edda: 5V 2.1A<br \/>\nBuilt-in capacidades de bateria: 3,7 V \/ 5000mAh 18,5wh.<br \/>\nPot\u00eancia Nominal: &gt;3160mAh &gt;15.8Wh.<br \/>\nTaxa de reten\u00e7\u00e3o: &gt;5000hrs.<br \/>\nTemperatura de Opera\u00e7\u00e3o: 0\u00baC ~40\u00baC.<br \/>\nPadr\u00e3o de Opera\u00e7\u00e3o: GB 4943.1-2011.<br \/>\nPeso L\u00edquido: 118g.<br \/>\nTamanho: 127 * 68 * 9 mil\u00edmetros.<\/p>\n<p>Tamanho do Cabo: Aprox. 5cm.<br \/>\nDisponivel nas Cores: Preta e Branca.<br \/>\nMaterial utilizado na Fabrica\u00e7\u00e3o: Pl\u00e1stico, metal, litio e circuito eletr\u00f4nico.<\/p>\n","protected":false},"excerpt":{"rendered":"<p>Tipo: Bateria Externa. Entrada: DC 5V 2A. Sa\u00edda: 5V 2.1A Built-in capacidades de bateria: 3,7 V \/ 5000mAh 18,5wh. Pot\u00eancia Nominal: &gt;3160mAh &gt;15.8Wh. Taxa de reten\u00e7\u00e3o: &gt;5000hrs. Temperatura de Opera\u00e7\u00e3o: 0\u00baC ~40\u00baC. Padr\u00e3o de Opera\u00e7\u00e3o: GB 4943.1-2011. Peso L\u00edquido: 118g. Tamanho: 127 * 68 * 9 mil\u00edmetros. Tamanho do Cabo: Aprox. 5cm. Disponivel nas Cores: &hellip;<\/p>\n<p class=\"read-more\"> <a class=\" thunk-readmore button \" href=\"https:\/\/wlivre.com.br\/loja\/produto\/bateria-externa-5000mah-cabo-v8-e-iphone-pinengkaidi-pn-952\/\"> <span class=\"screen-reader-text\">Bateria Externa 5000mAh Cabo V8 e iPhone &#8211; PinengKaidi PN-952<\/span>Read More<\/a><\/p>\n","protected":false},"featured_media":400,"comment_status":"closed","ping_status":"closed","template":"","meta":[],"product_cat":[54],"product_tag":[],"_links":{"self":[{"href":"https:\/\/wlivre.com.br\/loja\/wp-json\/wp\/v2\/product\/399"}],"collection":[{"href":"https:\/\/wlivre.com.br\/loja\/wp-json\/wp\/v2\/product"}],"about":[{"href":"https:\/\/wlivre.com.br\/loja\/wp-json\/wp\/v2\/types\/product"}],"replies":[{"embeddable":true,"href":"https:\/\/wlivre.com.br\/loja\/wp-json\/wp\/v2\/comments?post=399"}],"wp:featuredmedia":[{"embeddable":true,"href":"https:\/\/wlivre.com.br\/loja\/wp-json\/wp\/v2\/media\/400"}],"wp:attachment":[{"href":"https:\/\/wlivre.com.br\/loja\/wp-json\/wp\/v2\/media?parent=399"}],"wp:term":[{"taxonomy":"product_cat","embeddable":true,"href":"https:\/\/wlivre.com.br\/loja\/wp-json\/wp\/v2\/product_cat?post=399"},{"taxonomy":"product_tag","embeddable":true,"href":"https:\/\/wlivre.com.br\/loja\/wp-json\/wp\/v2\/product_tag?post=399"}],"curies":[{"name":"wp","href":"https:\/\/api.w.org\/{rel}","templated":true}]}}