{"id":421,"date":"2020-05-28T16:08:55","date_gmt":"2020-05-28T19:08:55","guid":{"rendered":"http:\/\/wlivre.com.br\/loja\/?post_type=product&#038;p=421"},"modified":"2021-03-29T09:29:53","modified_gmt":"2021-03-29T12:29:53","slug":"cabo-de-forca-energia-para-computador","status":"publish","type":"product","link":"https:\/\/wlivre.com.br\/loja\/produto\/cabo-de-forca-energia-para-computador\/","title":{"rendered":"Cabo De For\u00e7a Energia Para Computador"},"content":{"rendered":"<p>&#8211; Novo padr\u00e3o brasileiro plugue 3 pinos<br \/>\n&#8211; Plugue IEC f\u00eamea<br \/>\n&#8211; Comprimento do cabo: 1,2 metros<br \/>\n&#8211; Prote\u00e7\u00e3o anti-choques acidentais nos pinos<br \/>\n&#8211; Cor: preta<\/p>\n<p>* Compat\u00edvel com Computador (PC \/ Desktop);<br \/>\n* Compat\u00edvel com Monitores;<br \/>\n* Compat\u00edvel com alguns modelos de impressoras.<br \/>\n* Maquinas de Solda a vapor<\/p>\n","protected":false},"excerpt":{"rendered":"<p>&#8211; Novo padr\u00e3o brasileiro plugue 3 pinos &#8211; Plugue IEC f\u00eamea &#8211; Comprimento do cabo: 1,2 metros &#8211; Prote\u00e7\u00e3o anti-choques acidentais nos pinos &#8211; Cor: preta * Compat\u00edvel com Computador (PC \/ Desktop); * Compat\u00edvel com Monitores; * Compat\u00edvel com alguns modelos de impressoras. * Maquinas de Solda a vapor<\/p>\n","protected":false},"featured_media":423,"comment_status":"closed","ping_status":"closed","template":"","meta":[],"product_cat":[24],"product_tag":[],"_links":{"self":[{"href":"https:\/\/wlivre.com.br\/loja\/wp-json\/wp\/v2\/product\/421"}],"collection":[{"href":"https:\/\/wlivre.com.br\/loja\/wp-json\/wp\/v2\/product"}],"about":[{"href":"https:\/\/wlivre.com.br\/loja\/wp-json\/wp\/v2\/types\/product"}],"replies":[{"embeddable":true,"href":"https:\/\/wlivre.com.br\/loja\/wp-json\/wp\/v2\/comments?post=421"}],"wp:featuredmedia":[{"embeddable":true,"href":"https:\/\/wlivre.com.br\/loja\/wp-json\/wp\/v2\/media\/423"}],"wp:attachment":[{"href":"https:\/\/wlivre.com.br\/loja\/wp-json\/wp\/v2\/media?parent=421"}],"wp:term":[{"taxonomy":"product_cat","embeddable":true,"href":"https:\/\/wlivre.com.br\/loja\/wp-json\/wp\/v2\/product_cat?post=421"},{"taxonomy":"product_tag","embeddable":true,"href":"https:\/\/wlivre.com.br\/loja\/wp-json\/wp\/v2\/product_tag?post=421"}],"curies":[{"name":"wp","href":"https:\/\/api.w.org\/{rel}","templated":true}]}}

Cabo De Força Energia Para Computador

<p>&#8211; Novo padrão brasileiro plugue 3 pinos<br />
&#8211; Plugue IEC fêmea<br />
&#8211; Comprimento do cabo: 1,2 metros<br />
&#8211; Proteção anti-choques acidentais nos pinos<br />
&#8211; Cor: preta</p>
<p>* Compatível com Computador (PC / Desktop);<br />
* Compatível com Monitores;<br />
* Compatível com alguns modelos de impressoras.<br />
* Maquinas de Solda a vapor</p>

<p>&#8211; Novo padrão brasileiro plugue 3 pinos &#8211; Plugue IEC fêmea &#8211; Comprimento do cabo: 1,2 metros &#8211; Proteção anti-choques acidentais nos pinos &#8211; Cor: preta * Compatível com Computador (PC / Desktop); * Compatível com Monitores; * Compatível com alguns modelos de impressoras. * Maquinas de Solda a vapor</p>
