{"id":459,"date":"2020-05-28T18:05:38","date_gmt":"2020-05-28T21:05:38","guid":{"rendered":"http:\/\/wlivre.com.br\/loja\/?post_type=product&#038;p=459"},"modified":"2023-03-16T11:52:19","modified_gmt":"2023-03-16T14:52:19","slug":"placa-de-rede-pci-10-100-mbps","status":"publish","type":"product","link":"https:\/\/wlivre.com.br\/loja\/produto\/placa-de-rede-pci-10-100-mbps\/","title":{"rendered":"PLACA DE REDE PCI 10\/100 MBPS"},"content":{"rendered":"<p>Cria 1 portaRJ45 atrav\u00e9s de uma placa externa com<br \/>\nBarramento \/ Slot PCI Multiserial<br \/>\n. Chip: Realtek Fast Ethernet Controller<br \/>\n. PCI V2.2, 32-bit, 33MHz<br \/>\n. Compat\u00edvel com IEEE802.3, IEEE802.3u, e IEEE802.3ab<br \/>\n. Suporta IEEE802.3x Full-Duplex flow control.<br \/>\n. Compat\u00edvel com padr\u00f5es para PC99 e PC2001<br \/>\n. Possui uma porta RJ-45 10\/100Mbps com negocia\u00e7\u00e3o<br \/>\nautom\u00e1tica de velocidade em modo Full \/ Half-Duplex<br \/>\n. Suporta Auto-Negotiation para Detec\u00e7\u00e3o autom\u00e1tica de<br \/>\ntaxa de dados10\/100Mbps e modo de opera\u00e7\u00e3o<br \/>\nFull\/Half-Duplex<br \/>\n. Suporta ACPI e gerenciamento de energia PCI<br \/>\n. Suporta PCI VPD (Vital Product Data)<br \/>\n. Suporta Automatic crossover para crossover ou cabo<br \/>\nregular<br \/>\n. Suporta fun\u00e7\u00e3o Wake on LAN<br \/>\n. Plug &amp; Play: n\u00e3o precisa de driver para instala\u00e7\u00e3o<br \/>\nInforma\u00e7\u00f5es T\u00e9cnicas<\/p>\n","protected":false},"excerpt":{"rendered":"<p>PLACA DE REDE MULTILASER PCI CONEX\u00c3O RJ45 &#8211; GA131<\/p>\n","protected":false},"featured_media":460,"comment_status":"closed","ping_status":"closed","template":"","meta":[],"product_cat":[31],"product_tag":[],"_links":{"self":[{"href":"https:\/\/wlivre.com.br\/loja\/wp-json\/wp\/v2\/product\/459"}],"collection":[{"href":"https:\/\/wlivre.com.br\/loja\/wp-json\/wp\/v2\/product"}],"about":[{"href":"https:\/\/wlivre.com.br\/loja\/wp-json\/wp\/v2\/types\/product"}],"replies":[{"embeddable":true,"href":"https:\/\/wlivre.com.br\/loja\/wp-json\/wp\/v2\/comments?post=459"}],"wp:featuredmedia":[{"embeddable":true,"href":"https:\/\/wlivre.com.br\/loja\/wp-json\/wp\/v2\/media\/460"}],"wp:attachment":[{"href":"https:\/\/wlivre.com.br\/loja\/wp-json\/wp\/v2\/media?parent=459"}],"wp:term":[{"taxonomy":"product_cat","embeddable":true,"href":"https:\/\/wlivre.com.br\/loja\/wp-json\/wp\/v2\/product_cat?post=459"},{"taxonomy":"product_tag","embeddable":true,"href":"https:\/\/wlivre.com.br\/loja\/wp-json\/wp\/v2\/product_tag?post=459"}],"curies":[{"name":"wp","href":"https:\/\/api.w.org\/{rel}","templated":true}]}}