{"id":544,"date":"2020-08-04T16:01:47","date_gmt":"2020-08-04T19:01:47","guid":{"rendered":"http:\/\/wlivre.com.br\/loja\/?post_type=product&#038;p=544"},"modified":"2023-03-16T11:49:54","modified_gmt":"2023-03-16T14:49:54","slug":"ssd-kingston-a400-120gb-sata","status":"publish","type":"product","link":"https:\/\/wlivre.com.br\/loja\/produto\/ssd-kingston-a400-120gb-sata\/","title":{"rendered":"SSD Kingston A400, 120GB, SATA, Leitura 500MB\/s, Grava\u00e7\u00e3o 320MB\/s"},"content":{"rendered":"","protected":false},"excerpt":{"rendered":"<p>Performance n\u00e3o ser\u00e1 problema com o SSD A400 da Kingston! Este SSD re\u00fane o melhor da tecnologia a seu favor com uma controladora de \u00faltima gera\u00e7\u00e3o para velocidades de leitura e grava\u00e7\u00e3o de at\u00e9 500MB\/s e 450MB\/s. Este SSD \u00e9 10 vezes mais r\u00e1pido do que um HD tradicional para melhor desempenho, resposta ultrarr\u00e1pida em multitarefas e um computador mais r\u00e1pido de modo geral. O seu desktop merece esse upgrade! Comparados a discos r\u00edgidos mec\u00e2nicos, o SSD A400 aumenta de forma dr\u00e1stica a resposta do seu PC com tempos incr\u00edveis de inicializa\u00e7\u00e3o, carregamento e transfer\u00eancia. Um segundo ganho com essa estrutura pode fazer ser a diferen\u00e7a entre ganhar ou perder o seu jogo. Al\u00e9m dessa performance incr\u00edvel, o A400 tamb\u00e9m \u00e9 mais confi\u00e1vel e dur\u00e1vel do que um HD comum. Este SSD possui 120GB de capacidade, o tamanho certo para o que voc\u00ea precisa no dia a dia.<\/p>\n","protected":false},"featured_media":545,"comment_status":"closed","ping_status":"closed","template":"","meta":[],"product_cat":[36],"product_tag":[],"_links":{"self":[{"href":"https:\/\/wlivre.com.br\/loja\/wp-json\/wp\/v2\/product\/544"}],"collection":[{"href":"https:\/\/wlivre.com.br\/loja\/wp-json\/wp\/v2\/product"}],"about":[{"href":"https:\/\/wlivre.com.br\/loja\/wp-json\/wp\/v2\/types\/product"}],"replies":[{"embeddable":true,"href":"https:\/\/wlivre.com.br\/loja\/wp-json\/wp\/v2\/comments?post=544"}],"wp:featuredmedia":[{"embeddable":true,"href":"https:\/\/wlivre.com.br\/loja\/wp-json\/wp\/v2\/media\/545"}],"wp:attachment":[{"href":"https:\/\/wlivre.com.br\/loja\/wp-json\/wp\/v2\/media?parent=544"}],"wp:term":[{"taxonomy":"product_cat","embeddable":true,"href":"https:\/\/wlivre.com.br\/loja\/wp-json\/wp\/v2\/product_cat?post=544"},{"taxonomy":"product_tag","embeddable":true,"href":"https:\/\/wlivre.com.br\/loja\/wp-json\/wp\/v2\/product_tag?post=544"}],"curies":[{"name":"wp","href":"https:\/\/api.w.org\/{rel}","templated":true}]}}