{"id":619,"date":"2020-08-26T13:09:34","date_gmt":"2020-08-26T16:09:34","guid":{"rendered":"http:\/\/wlivre.com.br\/loja\/?post_type=product&#038;p=619"},"modified":"2023-03-20T15:14:49","modified_gmt":"2023-03-20T18:14:49","slug":"mouse-gamer-xsoldado-mo270","status":"publish","type":"product","link":"https:\/\/wlivre.com.br\/loja\/produto\/mouse-gamer-xsoldado-mo270\/","title":{"rendered":"MOUSE GAMER XSOLDADO MO270"},"content":{"rendered":"","protected":false},"excerpt":{"rendered":"<p>Mouse Gamer Multilaser Preto, desenvolvido com efeito de luz de LED verde no modelo MO269 ou Laranja no modelo MO270, super veloz, alcan\u00e7a at\u00e9 2400 DPI&#8217;s. Possui descanso de dedo ergon\u00f4mico, mantendo o conforto e estabilidade durante os jogos. Para que o uso do seu computador seja melhor, mais confort\u00e1vel e din\u00e2mico existe uma grande influ\u00eancia do mouse.<\/p>\n<p>\u00c9 um acess\u00f3rio que pode at\u00e9 impactar em produtividade. Com um design ergon\u00f4mico voc\u00ea ter\u00e1 em m\u00e3os um produto de qualidade que ir\u00e1 facilitar muito a sua vida no notebook ou PC.<\/p>\n<p>Descri\u00e7\u00e3o do Produto:<br \/>\n\u2022 Comprimento do cabo: 1,3 Metros.<br \/>\n\u2022 6 bot\u00f5es.<br \/>\n\u2022 N\u00famero de portas USB: 1<br \/>\n\u2022 Luzes de LED decorativas.<br \/>\n\u2022 Efeito de Luz LED verde no Modelo MO269.<br \/>\n\u2022 Efeito de Luz LED laranja no Modelo MO270.<br \/>\n\u2022 Alt\u00edssima resolu\u00e7\u00e3o: at\u00e9 2.400dpi.<br \/>\n\u2022 Descanso de dedo ergon\u00f4mico.<br \/>\n\u2022 Estabilidade durante jogos.<br \/>\n\u2022 Plug and Play.<br \/>\n\u2022 Bot\u00f5es grandes anti-deslizantes.<br \/>\n\u2022 Ergonomia para destros.<br \/>\n\u2022 Scroll vertical.<br \/>\n\u2022 Sensibilidade ajust\u00e1vel.<br \/>\n\u2022 Sensor: \u00d3tico;<br \/>\n\u2022 Ideal para uso em notebook e PC;<br \/>\n\u2022 Compat\u00edvel com Windows, Mac e Linux;<\/p>\n","protected":false},"featured_media":620,"comment_status":"closed","ping_status":"closed","template":"","meta":[],"product_cat":[30,29],"product_tag":[],"_links":{"self":[{"href":"https:\/\/wlivre.com.br\/loja\/wp-json\/wp\/v2\/product\/619"}],"collection":[{"href":"https:\/\/wlivre.com.br\/loja\/wp-json\/wp\/v2\/product"}],"about":[{"href":"https:\/\/wlivre.com.br\/loja\/wp-json\/wp\/v2\/types\/product"}],"replies":[{"embeddable":true,"href":"https:\/\/wlivre.com.br\/loja\/wp-json\/wp\/v2\/comments?post=619"}],"wp:featuredmedia":[{"embeddable":true,"href":"https:\/\/wlivre.com.br\/loja\/wp-json\/wp\/v2\/media\/620"}],"wp:attachment":[{"href":"https:\/\/wlivre.com.br\/loja\/wp-json\/wp\/v2\/media?parent=619"}],"wp:term":[{"taxonomy":"product_cat","embeddable":true,"href":"https:\/\/wlivre.com.br\/loja\/wp-json\/wp\/v2\/product_cat?post=619"},{"taxonomy":"product_tag","embeddable":true,"href":"https:\/\/wlivre.com.br\/loja\/wp-json\/wp\/v2\/product_tag?post=619"}],"curies":[{"name":"wp","href":"https:\/\/api.w.org\/{rel}","templated":true}]}}