{"id":703,"date":"2020-09-23T11:57:29","date_gmt":"2020-09-23T14:57:29","guid":{"rendered":"http:\/\/wlivre.com.br\/loja\/?post_type=product&#038;p=703"},"modified":"2023-03-20T15:17:15","modified_gmt":"2023-03-20T18:17:15","slug":"fone-de-ouvido-esterio-lc-834","status":"publish","type":"product","link":"https:\/\/wlivre.com.br\/loja\/produto\/fone-de-ouvido-esterio-lc-834\/","title":{"rendered":"FONE DE OUVIDO EST\u00c9RIO LC-834"},"content":{"rendered":"","protected":false},"excerpt":{"rendered":"<p>Fone de Ouvido Extra Bass Est\u00e9reo Xtrad Liga\u00e7\u00f5es M\u00e3os Livres para Smartphones DESCRI\u00c7\u00c3O: Fone de ouvido Est\u00e9reo som Extra Bass Alta defini\u00e7\u00e3o Som Limpo e V\u00edvido com \u00f3tima sensa\u00e7\u00e3o. Ou\u00e7a suas m\u00fasicas com excelente qualidade de \u00e1udio! Design leve, robusto e articul\u00e1vel. Tecnologia Extra Bass, que ajuda na redu\u00e7\u00e3o de ru\u00eddos garantindo a reprodu\u00e7\u00e3o de um som limpo. Almofadas macias que proporcionam muito mais confort\u00e1vel. Haste ajust\u00e1vel para facilitar a portabilidade. Ideal para o uso no trabalho, em casa, academia, na estrada e em qualquer ambiente. * Imagens meramente ilustrativas. Marca Xtrad Modelo LC-834 Liga\u00e7\u00f5es M\u00e3os Livres para Smartphones<\/p>\n","protected":false},"featured_media":749,"comment_status":"closed","ping_status":"closed","template":"","meta":[],"product_cat":[45],"product_tag":[],"_links":{"self":[{"href":"https:\/\/wlivre.com.br\/loja\/wp-json\/wp\/v2\/product\/703"}],"collection":[{"href":"https:\/\/wlivre.com.br\/loja\/wp-json\/wp\/v2\/product"}],"about":[{"href":"https:\/\/wlivre.com.br\/loja\/wp-json\/wp\/v2\/types\/product"}],"replies":[{"embeddable":true,"href":"https:\/\/wlivre.com.br\/loja\/wp-json\/wp\/v2\/comments?post=703"}],"wp:featuredmedia":[{"embeddable":true,"href":"https:\/\/wlivre.com.br\/loja\/wp-json\/wp\/v2\/media\/749"}],"wp:attachment":[{"href":"https:\/\/wlivre.com.br\/loja\/wp-json\/wp\/v2\/media?parent=703"}],"wp:term":[{"taxonomy":"product_cat","embeddable":true,"href":"https:\/\/wlivre.com.br\/loja\/wp-json\/wp\/v2\/product_cat?post=703"},{"taxonomy":"product_tag","embeddable":true,"href":"https:\/\/wlivre.com.br\/loja\/wp-json\/wp\/v2\/product_tag?post=703"}],"curies":[{"name":"wp","href":"https:\/\/api.w.org\/{rel}","templated":true}]}}