{"id":819,"date":"2020-10-16T16:13:11","date_gmt":"2020-10-16T19:13:11","guid":{"rendered":"http:\/\/wlivre.com.br\/loja\/?post_type=product&#038;p=819"},"modified":"2023-03-20T15:22:14","modified_gmt":"2023-03-20T18:22:14","slug":"roteador-wireless-n-300mbps-iwr-3000n","status":"publish","type":"product","link":"https:\/\/wlivre.com.br\/loja\/produto\/roteador-wireless-n-300mbps-iwr-3000n\/","title":{"rendered":"Roteador Wireless N 300mbps Iwr 3000n"},"content":{"rendered":"","protected":false},"excerpt":{"rendered":"<p>O\u00a0<b>Roteador Wireless Intelbras N 300mbps Iwr 3000N\u00a0<\/b>possui tecnologia Wi-Fi para voc\u00ea acessar a internet com alcance e velocidade. Instale facilmente em 2 passos para criar sua pr\u00f3pria rede sem fio e navegar com tranquilidade em diferentes dispositivos de qualquer lugar da casa. Compat\u00edvel com IPv6, velocidade de 300 Mbps, modo Repetidor Wireless, fun\u00e7\u00f5es &#8220;Bloqueio de sites&#8221; e &#8220;Controle de Banda&#8221;, 2 antenas externas de 5 dBi e pot\u00eancia de transmiss\u00e3o (EIRP) de 100 mW (20 dBm).<\/p>\n","protected":false},"featured_media":821,"comment_status":"closed","ping_status":"closed","template":"","meta":[],"product_cat":[31],"product_tag":[],"_links":{"self":[{"href":"https:\/\/wlivre.com.br\/loja\/wp-json\/wp\/v2\/product\/819"}],"collection":[{"href":"https:\/\/wlivre.com.br\/loja\/wp-json\/wp\/v2\/product"}],"about":[{"href":"https:\/\/wlivre.com.br\/loja\/wp-json\/wp\/v2\/types\/product"}],"replies":[{"embeddable":true,"href":"https:\/\/wlivre.com.br\/loja\/wp-json\/wp\/v2\/comments?post=819"}],"wp:featuredmedia":[{"embeddable":true,"href":"https:\/\/wlivre.com.br\/loja\/wp-json\/wp\/v2\/media\/821"}],"wp:attachment":[{"href":"https:\/\/wlivre.com.br\/loja\/wp-json\/wp\/v2\/media?parent=819"}],"wp:term":[{"taxonomy":"product_cat","embeddable":true,"href":"https:\/\/wlivre.com.br\/loja\/wp-json\/wp\/v2\/product_cat?post=819"},{"taxonomy":"product_tag","embeddable":true,"href":"https:\/\/wlivre.com.br\/loja\/wp-json\/wp\/v2\/product_tag?post=819"}],"curies":[{"name":"wp","href":"https:\/\/api.w.org\/{rel}","templated":true}]}}