{"id":832,"date":"2020-10-21T10:57:27","date_gmt":"2020-10-21T13:57:27","guid":{"rendered":"http:\/\/wlivre.com.br\/loja\/?post_type=product&#038;p=832"},"modified":"2021-06-25T15:18:06","modified_gmt":"2021-06-25T18:18:06","slug":"epson-refil-de-tinta-preto","status":"publish","type":"product","link":"https:\/\/wlivre.com.br\/loja\/produto\/epson-refil-de-tinta-preto\/","title":{"rendered":"epson refil de tinta (preto)"},"content":{"rendered":"","protected":false},"excerpt":{"rendered":"<p>As tintas MicroPiezo possuem a tecnologia Epson que proporciona alta precis\u00e3o no tamanho da gota, alta resolu\u00e7\u00e3o e defini\u00e7\u00e3o nas impress\u00f5es.<br \/>\nVoc\u00ea poder\u00e1 imprimir documentos e imagens com \u00f3tima qualidade por um baixo custo por p\u00e1gina.<br \/>\nObtenha impress\u00f5es brilhantes em relat\u00f3rios, gr\u00e1ficos e fotos<\/p>\n","protected":false},"featured_media":833,"comment_status":"closed","ping_status":"closed","template":"","meta":[],"product_cat":[44],"product_tag":[],"_links":{"self":[{"href":"https:\/\/wlivre.com.br\/loja\/wp-json\/wp\/v2\/product\/832"}],"collection":[{"href":"https:\/\/wlivre.com.br\/loja\/wp-json\/wp\/v2\/product"}],"about":[{"href":"https:\/\/wlivre.com.br\/loja\/wp-json\/wp\/v2\/types\/product"}],"replies":[{"embeddable":true,"href":"https:\/\/wlivre.com.br\/loja\/wp-json\/wp\/v2\/comments?post=832"}],"wp:featuredmedia":[{"embeddable":true,"href":"https:\/\/wlivre.com.br\/loja\/wp-json\/wp\/v2\/media\/833"}],"wp:attachment":[{"href":"https:\/\/wlivre.com.br\/loja\/wp-json\/wp\/v2\/media?parent=832"}],"wp:term":[{"taxonomy":"product_cat","embeddable":true,"href":"https:\/\/wlivre.com.br\/loja\/wp-json\/wp\/v2\/product_cat?post=832"},{"taxonomy":"product_tag","embeddable":true,"href":"https:\/\/wlivre.com.br\/loja\/wp-json\/wp\/v2\/product_tag?post=832"}],"curies":[{"name":"wp","href":"https:\/\/api.w.org\/{rel}","templated":true}]}}