{"id":837,"date":"2020-10-21T11:10:13","date_gmt":"2020-10-21T14:10:13","guid":{"rendered":"http:\/\/wlivre.com.br\/loja\/?post_type=product&#038;p=837"},"modified":"2021-06-25T15:17:24","modified_gmt":"2021-06-25T18:17:24","slug":"epson-refil-de-tinta-azul","status":"publish","type":"product","link":"https:\/\/wlivre.com.br\/loja\/produto\/epson-refil-de-tinta-azul\/","title":{"rendered":"epson refil de tinta (azul)"},"content":{"rendered":"","protected":false},"excerpt":{"rendered":"<p>Refil de Tinta Epson T544 220 Ciano para utiliza\u00e7\u00e3o nos seguintes modelos de equipamentos EcoTank L-3150, L-3110. Produto com garantia de 03 meses para defeito de fabrica\u00e7\u00e3o. Oferece excelente qualidade de impress\u00e3o. Marca: Epson<\/p>\n","protected":false},"featured_media":838,"comment_status":"closed","ping_status":"closed","template":"","meta":[],"product_cat":[44],"product_tag":[],"_links":{"self":[{"href":"https:\/\/wlivre.com.br\/loja\/wp-json\/wp\/v2\/product\/837"}],"collection":[{"href":"https:\/\/wlivre.com.br\/loja\/wp-json\/wp\/v2\/product"}],"about":[{"href":"https:\/\/wlivre.com.br\/loja\/wp-json\/wp\/v2\/types\/product"}],"replies":[{"embeddable":true,"href":"https:\/\/wlivre.com.br\/loja\/wp-json\/wp\/v2\/comments?post=837"}],"wp:featuredmedia":[{"embeddable":true,"href":"https:\/\/wlivre.com.br\/loja\/wp-json\/wp\/v2\/media\/838"}],"wp:attachment":[{"href":"https:\/\/wlivre.com.br\/loja\/wp-json\/wp\/v2\/media?parent=837"}],"wp:term":[{"taxonomy":"product_cat","embeddable":true,"href":"https:\/\/wlivre.com.br\/loja\/wp-json\/wp\/v2\/product_cat?post=837"},{"taxonomy":"product_tag","embeddable":true,"href":"https:\/\/wlivre.com.br\/loja\/wp-json\/wp\/v2\/product_tag?post=837"}],"curies":[{"name":"wp","href":"https:\/\/api.w.org\/{rel}","templated":true}]}}