{"id":920,"date":"2021-11-08T16:18:42","date_gmt":"2021-11-08T19:18:42","guid":{"rendered":"http:\/\/wlivre.com.br\/loja\/?post_type=product&#038;p=920"},"modified":"2023-05-02T17:06:44","modified_gmt":"2023-05-02T20:06:44","slug":"teclado-gamer-ballistic-cinetic-usb-2-0-rgb-preto-para-games","status":"publish","type":"product","link":"https:\/\/wlivre.com.br\/loja\/produto\/teclado-gamer-ballistic-cinetic-usb-2-0-rgb-preto-para-games\/","title":{"rendered":"Teclado Gamer Ballistic Cinetic Usb 2.0 Rgb Preto Para Games"},"content":{"rendered":"","protected":false},"excerpt":{"rendered":"<p>Feito para proporcionar total conforto durante suas gameplays, o Ballistic Cinetic tem suporte de pulso para voc\u00ea jogar com mais conforto e seguran\u00e7a, teclas multim\u00eddia tecnologia 100% antighosting que responde imediatamente aos seus dedos e ilumina\u00e7\u00e3o rainbow para garantir o estilo em todas as partidas.<\/p>\n<p>Largura do Produto (cm):23,5 cm<\/p>\n<p>Altura do produto (cm):2,5 cm<\/p>\n<p>Profundidade do Produto (cm):44,0 cm<\/p>\n<p>Peso do produto (Kg):0,783 kg<\/p>\n<p>Comprimento do Cabo:1,8 CM<\/p>\n<p>Largura da embalagem (cm):46 cm<\/p>\n<p>Altura da embalagem (cm):22 cm<\/p>\n<p>Profundidade da embalagem (cm):4 cm<\/p>\n<p>Peso com embalagem (Kg):1,039 kg<\/p>\n<p>Somos uma empresa s\u00e9ria, trabalhamos com nota fiscal e garantia, fornecemos somente produtoscom certificados.<\/p>\n<p>-N\u00e3o compre produto falsificado.<\/p>\n<p>&#8211; Produtos Novos e Pronta Entrega<br \/>\n&#8211; Atendimento com Qualidade<\/p>\n","protected":false},"featured_media":921,"comment_status":"closed","ping_status":"closed","template":"","meta":[],"product_cat":[30,28],"product_tag":[],"_links":{"self":[{"href":"https:\/\/wlivre.com.br\/loja\/wp-json\/wp\/v2\/product\/920"}],"collection":[{"href":"https:\/\/wlivre.com.br\/loja\/wp-json\/wp\/v2\/product"}],"about":[{"href":"https:\/\/wlivre.com.br\/loja\/wp-json\/wp\/v2\/types\/product"}],"replies":[{"embeddable":true,"href":"https:\/\/wlivre.com.br\/loja\/wp-json\/wp\/v2\/comments?post=920"}],"wp:featuredmedia":[{"embeddable":true,"href":"https:\/\/wlivre.com.br\/loja\/wp-json\/wp\/v2\/media\/921"}],"wp:attachment":[{"href":"https:\/\/wlivre.com.br\/loja\/wp-json\/wp\/v2\/media?parent=920"}],"wp:term":[{"taxonomy":"product_cat","embeddable":true,"href":"https:\/\/wlivre.com.br\/loja\/wp-json\/wp\/v2\/product_cat?post=920"},{"taxonomy":"product_tag","embeddable":true,"href":"https:\/\/wlivre.com.br\/loja\/wp-json\/wp\/v2\/product_tag?post=920"}],"curies":[{"name":"wp","href":"https:\/\/api.w.org\/{rel}","templated":true}]}}