{"id":510,"date":"2019-10-05T11:14:28","date_gmt":"2019-10-05T14:14:28","guid":{"rendered":"http:\/\/wlivre.com.br\/site\/?page_id=510"},"modified":"2024-10-18T13:25:27","modified_gmt":"2024-10-18T16:25:27","slug":"suporte-2-2","status":"publish","type":"page","link":"https:\/\/wlivre.com.br\/site\/suporte-2-2\/","title":{"rendered":"SUPORTE"},"content":{"rendered":"\n<p>Trabalhamos atualmente com contratos de suporte.<br>Entre em contato atrav\u00e9s dos nossos canais de atendimento para receber nossa proposta.<br><\/p>\n\n\n\n<p>Voc\u00ea nosso cliente pode acompanhar sua solicita\u00e7\u00e3o atrav\u00e9s do protocolo de atendimento.<\/p>\n\n\n\n<form class=\"viewTicketSidebar\" role=\"form\" action=\"http:\/\/wlivre.com.br\/suporte\/ticket2.php\" method=\"get\" name=\"form2\" data-toggle=\"validator\">\n<div class=\"form-group\"><label for=\"ticketID\">PROTOCOLO DO SUPORTE:<\/label><br><input id=\"ticketID\" class=\"form-control\" maxlength=\"20\" name=\"track\" required=\"\" size=\"35\" type=\"text\" value=\"\" placeholder=\"PROTOCOLO DO PEDIDO\" data-error=\"Por favor, digite o ID rastreador\">\n<div class=\"help-block with-errors\">&nbsp;<\/div>\n<\/div>\n<p><input class=\"btn btn-default\" type=\"submit\" value=\"Visualizar PEDIDO\"><input name=\"Refresh\" type=\"hidden\" value=\"66769\"><input name=\"f\" type=\"hidden\" value=\"1\"><\/p>\n<\/form>\n","protected":false},"excerpt":{"rendered":"<p>Trabalhamos atualmente com contratos de suporte.Entre em contato atrav\u00e9s dos nossos canais de atendimento para receber nossa proposta. Voc\u00ea nosso cliente pode acompanhar sua solicita\u00e7\u00e3o atrav\u00e9s do protocolo de atendimento. PROTOCOLO DO SUPORTE: &nbsp;<\/p>\n","protected":false},"author":2,"featured_media":0,"parent":0,"menu_order":0,"comment_status":"closed","ping_status":"closed","template":"","meta":{"footnotes":""},"_links":{"self":[{"href":"https:\/\/wlivre.com.br\/site\/wp-json\/wp\/v2\/pages\/510"}],"collection":[{"href":"https:\/\/wlivre.com.br\/site\/wp-json\/wp\/v2\/pages"}],"about":[{"href":"https:\/\/wlivre.com.br\/site\/wp-json\/wp\/v2\/types\/page"}],"author":[{"embeddable":true,"href":"https:\/\/wlivre.com.br\/site\/wp-json\/wp\/v2\/users\/2"}],"replies":[{"embeddable":true,"href":"https:\/\/wlivre.com.br\/site\/wp-json\/wp\/v2\/comments?post=510"}],"version-history":[{"count":7,"href":"https:\/\/wlivre.com.br\/site\/wp-json\/wp\/v2\/pages\/510\/revisions"}],"predecessor-version":[{"id":1197,"href":"https:\/\/wlivre.com.br\/site\/wp-json\/wp\/v2\/pages\/510\/revisions\/1197"}],"wp:attachment":[{"href":"https:\/\/wlivre.com.br\/site\/wp-json\/wp\/v2\/media?parent=510"}],"curies":[{"name":"wp","href":"https:\/\/api.w.org\/{rel}","templated":true}]}}